6?
-32043
What is -b57 (base 13) in base 6?
-12535
Convert 259 (base 12) to base 9.
436
What is 1015 (base 8) in base 9?
643
Convert 224 (base 13) to base 12.
268
What is -3334 (base 5) in base 16?
-1d5
Convert 862 (base 16) to base 8.
4142
Convert -14640 (base 7) to base 2.
-111111111111
-5051 (base 7) to base 8
-3327
Convert 2058 (base 10) to base 8.
4012
What is -131 (base 4) in base 16?
-1d
4813 (base 11) to base 12
3796
-3082 (base 9) to base 6
-14245
What is 100112 (base 6) in base 14?
2bc8
-311c (base 16) to base 9
-18218
10b0 (base 13) to base 12
1430
-1031 (base 5) to base 8
-215
Convert -542c (base 16) to base 2.
-101010000101100
-3333322 (base 4) to base 8
-37772
What is -6 (base 13) in base 5?
-11
Convert 205 (base 8) to base 16.
85
Convert -22516 (base 7) to base 13.
-2800
-200111200 (base 3) to base 9
-20450
What is -8c6 (base 16) in base 15?
-9eb
-74442 (base 8) to base 15
-92c5
13012 (base 5) to base 10
1007
What is 166465 (base 7) in base 8?
101352
12633 (base 8) to base 9
7525
Convert -2431 (base 6) to base 14.
-307
What is 3830 (base 9) in base 14?
1086
11220121 (base 3) to base 4
313330
31199 (base 11) to base 16
b1ab
23123 (base 6) to base 3
11111220
Convert -162 (base 13) to base 3.
-100020
Convert 965 (base 14) to base 12.
10a5
34053 (base 6) to base 11
3660
-326 (base 12) to base 3
-122010
What is -138 (base 12) in base 9?
-228
Convert 13504 (base 10) to base 12.
7994
What is -2b77 (base 15) in base 3?
-110210211
Convert -1111111001100001 (base 2) to base 11.
-44a21
101002 (base 3) to base 5
2042
14304 (base 6) to base 3
10010011
Convert 450 (base 10) to base 6.
2030
What is -bf (base 16) in base 12?
-13b
Convert 113210 (base 5) to base 15.
138a
What is -475 (base 10) in base 7?
-1246
What is -1071 (base 14) in base 9?
-3808
-987 (base 12) to base 9
-1824
-83 (base 11) to base 12
-77
What is 4124 (base 6) in base 12?
644
54 (base 8) to base 5
134
Convert 341 (base 11) to base 16.
198
What is -10103 (base 4) in base 11?
-230
What is -280 (base 14) in base 16?
-1f8
-1011422 (base 5) to base 11
-11429
Convert -111110010010111 (base 2) to base 7.
-161663
What is 1322440 (base 5) in base 13?
c169
Convert 7636 (base 8) to base 11.
3005
-212013 (base 4) to base 8
-4607
Convert 4550 (base 6) to base 9.
1423
3699 (base 11) to base 12
2963
-4204 (base 6) to base 16
-3ac
Convert -41744 (base 10) to base 8.
-121420
What is b915 (base 12) in base 5?
1122241
-524 (base 11) to base 4
-21313
Convert 111000000 (base 2) to base 9.
547
What is -1000110000 (base 2) in base 12?
-3a8
What is -100110100011 (base 2) in base 8?
-4643
What is 1400 (base 7) in base 2?
1000011011
Convert 54224 (base 6) to base 5.
214212
Convert 968 (base 14) to base 11.
1438
What is 1121 (base 5) in base 14?
b7
101020111 (base 3) to base 6
54321
What is 4353 (base 7) in base 11?
1196
What is -11202120 (base 3) in base 7?
-13056
Convert -35c (base 13) to base 4.
-21020
-111323 (base 4) to base 9
-1828
Convert 31 (base 11) to base 14.
26
What is -5140 (base 6) in base 11?
-947
-110403 (base 5) to base 6
-25501
14106 (base 7) to base 14
1576
441130 (base 5) to base 7
62133
-54b1 (base 13) to base 10
-11805
13343 (base 5) to base 9
1450
Convert 646 (base 9) to base 12.
380
-2001200 (base 4) to base 10
-8288
-2384 (base 9) to base 16
-6f1
What is -22020 (base 4) in base 16?
-288
Convert 892 (base 11) to base 14.
565
What is -2655 (base 10) in base 9?
-3570
Convert 2011001 (base 4) to base 6.
103225
-25175 (base 9) to base 4
-10020110
29288 (base 12) to base 16
e048
-110 (base 14) to base 12
-156
What is -1010112 (base 3) in base 6?
-3452
-462 (base 7) to base 11
-1a9
2002 (base 3) to base 8
70
What is -44232 (base 5) in base 13?
-151c
24b (base 12) to base 7
1004
Convert -23 (base 13) to base 12.
-25
-170 (base 16) to base 4
-11300
What is 1666 (base 7) in base 14?
36d
What is 7828 (base 10) in base 8?
17224
5b8 (base 15) to base 2
10100010010
Convert 313231 (base 5) to base 13.
49a2
What is 819 (base 15) in base 10?
1824
Convert 689e (base 15) to base 4.
11122313
30557 (base 8) to base 2
11000101101111
What is -46d (base 14) in base 8?
-1561
Convert 81b2 (base 12) to base 16.
3716
Convert -617 (base 13) to base 12.
-722
20232 (base 4) to base 13
33c
Convert -11102001 (base 3) to base 7.
-12241
Convert -64 (base 8) to base 16.
-34
What is 2000012111 (base 3) in base 13?
14ca7
181 (base 9) to base 8
232
Convert -2936 (base 11) to base 10.
-3790
5099 (base 10) to base 5
130344
What is -430 (base 16) in base 15?
-4b7
What is 125025 (base 6) in base 12?
6775
Convert 24521 (base 7) to base 4.
1210202
5053 (base 12) to base 8
20777
What is 8b3 (base 13) in base 11?
1142
Convert 232b (base 12) to base 16.
f53
What is 1022110122 (base 3) in base 6?
315412
-87 (base 9) to base 8
-117
What is 30015 (base 7) in base 14?
28b5
What is a48 (base 11) in base 12?
892
Convert a36 (base 13) to base 2.
11011000111
What is 421 (base 16) in base 4?
100201
Convert 8a2 (base 11) to base 14.
572
Convert 9730 (base 12) to base 16.
40d4
-1122102 (base 3) to base 16
-4af
What is 1063 (base 8) in base 5?
4223
What is 1331032 (base 4) in base 9?
11884
What is 50252 (base 6) in base 13?
2cc6
Convert -2315 (base 9) to base 3.
-2100112
Convert -6014 (base 11) to base 4.
-1331001
-10920 (base 14) to base 9
-61135
Convert 568 (base 11) to base 2.
1010100111
What is -b4 (base 12) in base 6?
-344
-1625 (base 15) to base 2
-1001010011000
What is -1141 (base 5) in base 3?
-20100
What is 1100001011 (base 2) in base 13?
47c
What is 452 (base 12) in base 16?
27e
Convert -21003 (base 5) to base 10.
-1378
What is -2010221020 (base 3) in base 15?
-c7a9
What is -1301 (base 5) in base 3?
-21110
Convert 1214431 (base 5) to base 6.
255004
Convert 1002131 (base 4) to base 6.
31405
Convert 760d (base 15) to base 5.
1244423
Convert 3863 (base 11) to base 16.
13a6
Convert 40133 (base 5) to base 2.
100111101111
What is -151 (base 8) in base 6?
-253
-100000000001000 (base 2) to base 9
-24433
Convert -2293 (base 13) to base 2.
-1001011110100
-b33 (base 15) to base 8
-4733
Convert 4b66 (base 12) to base 3.
102202120
What is -23 (base 6) in base 5?
-30
Convert 4cc (base 14) to base 4.
33010
-216 (base 16) to base 11
-446
-11022100000 (base 3) to base 6
-1452343
-1a03 (base 11) to base 3
-10111020
Convert 1001011101110 (base 2) to base 10.
4846
11010010101 (base 2) to base 5
23220
What is 570 (base 13) in base 8?
1650
-652 (base 10) to base 3
-220011
Convert 10405 (base 8) to base 2.
1000100000101
Convert 2211 (base 5) to base 14.
17c
Convert 18a3 (base 11) to base 10.
2412
Convert -852 (base 14) to base 2.
-11001101000
What is -274 (base 10) in base 5?
-2044
285 (base 13) to base 3
121120
What is 13a6 (base 11) in base 13?
a93
Convert 4012 (base 5) to base 2.
111111011
Convert 1abb7 (base 13) to base 4.
30310330
-410002 (base 5) to base 11
-9954
What is -71 (base 8) in base 12?
-49
What is 11110100111111 (base 2) in base 9?
23451
Convert 1212022 (base 3) to base 16.
54e
What is 56 (base 9) in base 4?
303
-19ca (base 13) to base 3
-12022212
What is 113 (base 14) in base 15?
e3
-118c5 (base 15) to base 6
-1111105
Convert -19a65 (base 11) to base 5.
-1343101
What is -1841 (base 11) in base 16?
-928
What is 37a (base 13) in base 9?
745
Convert 2b3 (base 15) to base 8.
1152
Convert -13431 (base 6) to base 12.
-1277
1a9d (base 16) to base 9
10310
Convert -b73 (base 16) to base 7.
-11355
111111110000110 (base 2) to base 13
11b23
What is 8507 (base 10) in base 13?
3b45
What is 1001 (base 5) in base 13?
99
Convert 2211120 (base 4) to base 12.
6160
What is -131301 (base 5) in base 7?
-21110
Convert 30323 (base 4) to base 16.
33b
Convert b14 (base 15) to base 9.
3371
What is -1bc7 (base 13) in base 3?
-12210021
What is -4903 (base 11) in base 9?
-8718
Convert 75a (base 11) to base 4.
32100
What is -321020 (base 4) in base 12?
-2148
Convert -bab (base 15) to base 6.
-20112
What is -334214 (base 5) in base 3?
-121012101
Convert -1000101111 (base 2) to base 5.
-4214
Convert 2100000 (base 3) to base 5.
23301
39c0 (base 16) to base 13
6963
-732 (base 12) to base 8
-2026
Convert -12111222 (base 3) to base 10.
-4022
-110507 (base 8) to base 12
-19633
-907 (base 11) to base 8
-2110
Convert 1813 (base 11) to base 12.
1409
-4635 (base 8) to